421
List the prime factors of 184643767.
7, 11, 19, 61, 2069
List the prime factors of 185710424.
2, 769, 30187
List the prime factors of 42355023.
3, 14118341
What are the prime factors of 277252590?
2, 3, 5, 229, 40357
What are the prime factors of 20002320?
2, 3, 5, 13, 2137
List the prime factors of 47027527.
19, 31, 79843
List the prime factors of 7958104786.
2, 3979052393
List the prime factors of 104226159.
3, 1693, 20521
What are the prime factors of 400987632?
2, 3, 463, 18043
What are the prime factors of 295736449?
37, 53, 239, 631
List the prime factors of 25757446.
2, 11, 13, 113, 797
List the prime factors of 214399073.
7, 173, 177043
What are the prime factors of 1843393521?
3, 17, 101, 113, 3167
What are the prime factors of 1020400691?
47, 1009, 21517
List the prime factors of 920249609.
59, 1399, 11149
List the prime factors of 650745503.
47, 13845649
List the prime factors of 7946136.
2, 3, 11, 79, 127
What are the prime factors of 1333686057?
3, 11, 17, 19, 211, 593
What are the prime factors of 409676161?
23, 491, 36277
List the prime factors of 362133658.
2, 181066829
What are the prime factors of 276385114?
2, 138192557
What are the prime factors of 1240025469?
3, 11827, 34949
List the prime factors of 7398554531.
79, 93652589
What are the prime factors of 2406090448?
2, 137, 1097669
What are the prime factors of 806515933?
19, 31, 1369297
What are the prime factors of 111550273?
19, 61, 109, 883
List the prime factors of 489169902.
2, 3, 13, 397, 15797
List the prime factors of 406159378.
2, 203079689
List the prime factors of 321490892.
2, 8431, 9533
List the prime factors of 209174444.
2, 601, 87011
List the prime factors of 13398134.
2, 6699067
List the prime factors of 796327660.
2, 5, 521, 76423
What are the prime factors of 309200389?
349, 885961
List the prime factors of 657491396.
2, 164372849
List the prime factors of 342290859.
3, 114096953
List the prime factors of 1013224854.
2, 3, 17, 641, 15497
List the prime factors of 7633776626.
2, 7, 545269759
List the prime factors of 251009878.
2, 7, 331, 54167
List the prime factors of 736437058.
2, 7, 52602647
What are the prime factors of 3776943488?
2, 3613, 8167
What are the prime factors of 267229257?
3, 89076419
List the prime factors of 54754061.
683, 80167
List the prime factors of 1850104833.
3, 1543, 399677
List the prime factors of 48566248.
2, 23, 61, 4327
List the prime factors of 37850416.
2, 47, 50333
What are the prime factors of 66516814?
2, 7, 13, 109, 479
What are the prime factors of 180281977?
6481, 27817
What are the prime factors of 1056041613?
3, 11, 113, 94399
What are the prime factors of 69151968?
2, 3, 8893
What are the prime factors of 11350318?
2, 7, 810737
List the prime factors of 43087085.
5, 8617417
List the prime factors of 2761348305.
3, 5, 61, 3017867
What are the prime factors of 255735153?
3, 3547, 8011
What are the prime factors of 5847511?
5847511
List the prime factors of 92302130.
2, 5, 71, 130003
List the prime factors of 180360273.
3, 23, 1063, 2459
List the prime factors of 751435182.
2, 3, 29, 49639
What are the prime factors of 1253227231?
1253227231
What are the prime factors of 4746946885?
5, 23, 3011, 13709
What are the prime factors of 356341183?
11, 29, 1117057
List the prime factors of 19644050.
2, 5, 59, 6659
List the prime factors of 583604764.
2, 17, 8582423
What are the prime factors of 1067838309?
3, 13183189
What are the prime factors of 159902546?
2, 79951273
List the prime factors of 5068993800.
2, 3, 5, 13, 649871
List the prime factors of 32890154.
2, 11, 577, 2591
List the prime factors of 24274677.
3, 7, 1155937
What are the prime factors of 16329350?
2, 5, 17, 19211
What are the prime factors of 170263711?
170263711
What are the prime factors of 896301460?
2, 5, 43, 1042211
What are the prime factors of 90280578?
2, 3, 15046763
What are the prime factors of 62927130?
2, 3, 5, 7, 299653
List the prime factors of 14110677.
3, 7, 653
List the prime factors of 346778916.
2, 3, 11, 2627113
List the prime factors of 3492446797.
7, 6841, 72931
List the prime factors of 87109490.
2, 5, 13, 19, 35267
What are the prime factors of 36618760?
2, 5, 23, 53, 751
List the prime factors of 526346558.
2, 263173279
What are the prime factors of 53221543?
17, 3130679
List the prime factors of 43655196.
2, 3, 13, 23
List the prime factors of 43961132.
2, 1291, 8513
What are the prime factors of 20951015?
5, 19, 220537
List the prime factors of 5706981187.
4523, 1261769
List the prime factors of 4866189551.
59, 71, 1161659
What are the prime factors of 255321900?
2, 3, 5, 367, 773
What are the prime factors of 832097677?
6473, 128549
What are the prime factors of 142549935?
3, 5, 11, 29, 31
List the prime factors of 54807927.
3, 18269309
List the prime factors of 929916817.
929916817
List the prime factors of 41756779.
41756779
What are the prime factors of 86184611?
17, 23, 220421
What are the prime factors of 188635758?
2, 3, 31439293
What are the prime factors of 36327028?
2, 17, 23, 23227
List the prime factors of 4882076441.
11, 443825131
List the prime factors of 24069900.
2, 3, 5, 80233
List the prime factors of 89336922.
2, 3, 23, 223, 2903
What are the prime factors of 54292085?
5, 10858417
List the prime factors of 106972290.
2, 3, 5, 1188581
List the prime factors of 65506677.
3, 21835559
What are the prime factors of 98055849?
3, 2467, 13249
What are the prime factors of 117244985?
5, 11, 13, 163979
What are the prime factors of 300759808?
2, 173, 6791
What are the prime factors of 1584654475?
5, 63386179
What are the prime factors of 232888150?
2, 5, 11, 103, 4111
What are the prime factors of 89861316?
2, 3, 101, 74143
List the prime factors of 17798852.
2, 83, 53611
What are the prime factors of 41733552?
2, 3, 7, 29, 4283
What are the prime factors of 1259573286?
2, 3, 43, 199, 24533
List the prime factors of 30325305.
3, 5, 409, 4943
List the prime factors of 86392563.
3, 19, 307, 4937
What are the prime factors of 4422774812?
2, 2389, 462827
What are the prime factors of 45716449?
45716449
What are the prime factors of 448987686?
2, 3, 7, 29, 7523
What are the prime factors of 49295741?
11, 4481431
List the prime factors of 3831597717.
3, 17, 157, 478531
List the prime factors of 34106512.
2, 11, 79, 223
What are the prime factors of 39538774?
2, 11, 29, 2137
What are the prime factors of 188165689?
188165689
List the prime factors of 35791265.
5, 43, 166471
List the prime factors of 934320713.
61, 1307, 11719
What are the prime factors of 1855959739?
31, 101, 5869
What are the prime factors of 200952800?
2, 5, 251191
What are the prime factors of 863751197?
863751197
List the prime factors of 744268750.
2, 5, 119083
What are the prime factors of 106180810?
2, 5, 17, 624593
List the prime factors of 481705707.
3, 7, 601, 38167
List the prime factors of 226864304.
2, 14179019
List the prime factors of 79551866.
2, 283, 140551
List the prime factors of 251665149.
3, 23, 59, 61819
List the prime factors of 1019398507.
19, 37, 1450069
What are the prime factors of 6569138195?
5, 1313827639
What are the prime factors of 70812750?
2, 3, 5, 263, 359
What are the prime factors of 1525252121?
17, 1031, 5119
What are the prime factors of 21755652?
2, 3, 53, 79, 433
List the prime factors of 708188436.
2, 3, 37, 531673
What are the prime factors of 2369350726?
2, 31267, 37889
List the prime factors of 600031699.
67, 1511, 5927
List the prime factors of 13744463.
29, 59, 277
What are the prime factors of 4487979276?
2, 3, 11, 809, 14009
What are the prime factors of 181940956?
2, 5021, 9059
List the prime factors of 63310778.
2, 31655389
List the prime factors of 266186621.
29, 37, 248077
What are the prime factors of 4502640?
2, 3, 5, 73, 257
What are the prime factors of 43214606?
2, 2741, 7883
What are the prime factors of 507944469?
3, 109, 1553347
What are the prime factors of 1890172689?
3, 630057563
List the prime factors of 240631421.
6521, 36901
List the prime factors of 294507222.
2, 3, 49084537
What are the prime factors of 40863631?
17, 43, 55901
List the prime factors of 168177838.
2, 17, 73, 67759
What are the prime factors of 1157854220?
2, 5, 1193, 48527
List the prime factors of 271493187.
3, 